{"id":6739,"date":"2022-03-28T06:27:46","date_gmt":"2022-03-28T06:27:46","guid":{"rendered":"https:\/\/gea-abp.mx\/?page_id=6739"},"modified":"2026-02-16T20:17:52","modified_gmt":"2026-02-16T20:17:52","slug":"gobierno-corporativo","status":"publish","type":"page","link":"https:\/\/gea-abp.mx\/index.php\/gobierno-corporativo\/","title":{"rendered":"Gobierno Corporativo"},"content":{"rendered":"<div class=\"brz-root__container brz-reset-all brz\">\n<section id=\"ezvaouyjaxaxvbccqwqratfffhlgmtkyjemn\" class=\"brz-section brz-css-cl4bN\">\n<div class=\"brz-section__content brz-section--boxed brz-css-jfmja\" data-brz-custom-id=\"mbrhycajwzmjuvsbqhsrymolbmwmbhmrysjl\">\n<div class=\"brz-container brz-css-ntiVZ\">\n<div id=\"\" class=\"brz-css-jTE3C brz-wrapper\">\n<div class=\"brz-rich-text brz-rich-text__custom brz-css-u5Yo_\" data-brz-custom-id=\"uggfbyjszatszazmsdlcxzfddvyrxzbnwiyw\">\n<div data-brz-translate-text=\"1\">\n<p class=\"brz-text-lg-center brz-ff-blinker brz-ft-google brz-fs-lg-16 brz-fss-lg-px brz-fw-lg-600 brz-ls-lg-0 brz-lh-lg-1_9 brz-tp-lg-empty brz-css-jY5cI\" data-generated-css=\"brz-css-asjwx\" data-uniq-id=\"ufajh\"><span>A TODOS NUESTROS GRUPOS DE INTER\u00c9S, SOCIOS COMERCIALES, COLABORADORES, VENDEDORES EXTERNOS, DISTRIBUIDORES, PROVEEDORES Y SOCIEDAD EN GENERAL:<\/span><\/p>\n<p class=\"brz-ff-blinker brz-ft-google brz-fs-lg-16 brz-fss-lg-px brz-fw-lg-400 brz-ls-lg-0 brz-lh-lg-1_9 brz-tp-lg-empty brz-css-rMZgk\" data-generated-css=\"brz-css-rxncy\" data-uniq-id=\"pzhyr\"><\/p>\n<p class=\"brz-ff-blinker brz-ft-google brz-fs-lg-16 brz-fss-lg-px brz-fw-lg-400 brz-ls-lg-0 brz-lh-lg-1_9 brz-tp-lg-empty brz-text-lg-justify brz-css-t5AwY\" data-generated-css=\"brz-css-sdrpt\" data-uniq-id=\"cgnve\"><span>En GEA BIODEGRADABLES, S. DE R.L. DE C.V., nos hemos desempe\u00f1ado como una empresa institucional, especializada en brindar productos, servicios y asesor\u00eda buscando la innovaci\u00f3n y el valor agregado a nuestros clientes en ecolog\u00eda, sustentabilidad y bienestar humano, con la finalidad de poner al alcance la generaci\u00f3n de productos con altos est\u00e1ndares de calidad para la conservaci\u00f3n y cuidado en el medio ambiente.<\/span><\/p>\n<p class=\"brz-ff-blinker brz-ft-google brz-fs-lg-16 brz-fss-lg-px brz-fw-lg-400 brz-ls-lg-0 brz-lh-lg-1_9 brz-tp-lg-empty brz-text-lg-justify brz-css-y8xRD\" data-generated-css=\"brz-css-cxiph\" data-uniq-id=\"asmuw\"><\/p>\n<p class=\"brz-ff-blinker brz-ft-google brz-fs-lg-16 brz-fss-lg-px brz-fw-lg-400 brz-ls-lg-0 brz-lh-lg-1_9 brz-tp-lg-empty brz-text-lg-justify brz-css-dr2Db\" data-generated-css=\"brz-css-effmv\" data-uniq-id=\"mswot\"><span>En nuestra mejora continua, hemos decidido evolucionar y trabajar continuamente para ser una organizaci\u00f3n con sostenibilidad legal, econ\u00f3mica, social, ambiental y \u00e9tica, y que considere a todos sus grupos de inter\u00e9s en la toma de decisiones, en un marco de gobernanza que permita el di\u00e1logo y la comunicaci\u00f3n constante sobre los impactos que generan nuestras acciones en ellos.<\/span><\/p>\n<p class=\"brz-ff-blinker brz-ft-google brz-fs-lg-16 brz-fss-lg-px brz-fw-lg-400 brz-ls-lg-0 brz-lh-lg-1_9 brz-tp-lg-empty brz-text-lg-justify brz-css-frrxk\" data-generated-css=\"brz-css-uncdd\" data-uniq-id=\"lhuyp\"><\/p>\n<p class=\"brz-ff-blinker brz-ft-google brz-fs-lg-16 brz-fss-lg-px brz-fw-lg-400 brz-ls-lg-0 brz-lh-lg-1_9 brz-tp-lg-empty brz-text-lg-justify brz-css-ePr4D\" data-generated-css=\"brz-css-znqtr\" data-uniq-id=\"rzfhl\"><span>En este sentido, nos es grato informarles y hacer de su conocimiento las siguientes acciones:<\/span><\/p>\n<p class=\"brz-ff-blinker brz-ft-google brz-fs-lg-16 brz-fss-lg-px brz-fw-lg-400 brz-ls-lg-0 brz-lh-lg-1_9 brz-tp-lg-empty brz-text-lg-justify brz-css-sOKDD\" data-generated-css=\"brz-css-afpat\" data-uniq-id=\"dtabl\"><span>1.Hemos aprobado nuestro c\u00f3digo de \u00e9tica y conducta (CEC), a trav\u00e9s del cual asumimos nuestro compromiso \u00e9tico como empresa con nuestros grupos de inter\u00e9s.<\/span><\/p>\n<p class=\"brz-ff-blinker brz-ft-google brz-fs-lg-16 brz-fss-lg-px brz-fw-lg-400 brz-ls-lg-0 brz-lh-lg-1_9 brz-tp-lg-empty brz-text-lg-justify brz-css-h4nZ3\" data-generated-css=\"brz-css-ruodl\" data-uniq-id=\"hcila\"><span>2.Se ha desarrollado nuestra Pol\u00edtica de Gobierno Corporativo (PGC), la cual nos permite velar por el cumplimiento regulatorio de nuestra organizaci\u00f3n.<\/span><\/p>\n<p class=\"brz-ff-blinker brz-ft-google brz-fs-lg-16 brz-fss-lg-px brz-fw-lg-400 brz-ls-lg-0 brz-lh-lg-1_9 brz-tp-lg-empty brz-text-lg-justify brz-css-h4uId\" data-generated-css=\"brz-css-gocql\" data-uniq-id=\"vfwvj\"><span>3. Con la intenci\u00f3n de ir m\u00e1s all\u00e1 de nuestras obligaciones legales como organizaci\u00f3n, hemos desarrollado las siguientes pol\u00edticas para asumirnos como una empresa que integra a todos nuestros grupos de inter\u00e9s en nuestros impactos; pol\u00edtica de responsabilidad social (PRS), pol\u00edtica comercial (PC), pol\u00edtica de derechos humanos (PDH), pol\u00edtica laboral (PL), pol\u00edtica de desarrollo comunitario (PDC) y pol\u00edtica anticorrupci\u00f3n (PAC).<\/span><\/p>\n<p class=\"brz-ff-blinker brz-ft-google brz-fs-lg-16 brz-fss-lg-px brz-fw-lg-400 brz-ls-lg-0 brz-lh-lg-1_9 brz-tp-lg-empty brz-text-lg-justify brz-css-gn9uB\" data-generated-css=\"brz-css-givgg\" data-uniq-id=\"bxota\"><span>4. A partir del 2021, contamos con un \u00f3rgano colegiado denominado Comit\u00e9 de Cumplimiento Regulatorio, Responsabilidad Social y Sostenibilidad de la empresa, el cual tiene por objetivo promover el cumplimiento legal, la \u00e9tica y la responsabilidad social de la organizaci\u00f3n con nuestros grupos de inter\u00e9s.<\/span><\/p>\n<p class=\"brz-ff-blinker brz-ft-google brz-fs-lg-16 brz-fss-lg-px brz-fw-lg-400 brz-ls-lg-0 brz-lh-lg-1_9 brz-tp-lg-empty brz-text-lg-justify brz-css-rnmmJ\" data-generated-css=\"brz-css-kcaxs\" data-uniq-id=\"ikiph\"><span>5. As\u00ed tambi\u00e9n presentamos nuestro primer informe de responsabilidad social y sostenibilidad del ejercicio 2021.<\/span><\/p>\n<p class=\"brz-ff-blinker brz-ft-google brz-fs-lg-16 brz-fss-lg-px brz-fw-lg-400 brz-ls-lg-0 brz-lh-lg-1_9 brz-tp-lg-empty brz-text-lg-justify brz-css-eli8L\" data-generated-css=\"brz-css-wreww\" data-uniq-id=\"zypvb\"><span>Anexamos los documentos se\u00f1alados para su conocimiento, y les extendemos la invitaci\u00f3n permanente a realizar cualquier sugerencia y aportaci\u00f3n a los mismos, que sume a la sostenibilidad de nuestras relaciones y a la cadena de valor en la que participamos conjuntamente.<\/span><\/p>\n<p class=\"brz-ff-blinker brz-ft-google brz-fs-lg-16 brz-fss-lg-px brz-fw-lg-400 brz-ls-lg-0 brz-lh-lg-1_9 brz-tp-lg-empty brz-css-bXEIz\" data-generated-css=\"brz-css-fnzmb\" data-uniq-id=\"phxrx\"><span> <\/span><\/p>\n<p class=\"brz-text-lg-center brz-ff-blinker brz-ft-google brz-fs-lg-16 brz-fss-lg-px brz-fw-lg-600 brz-ls-lg-0 brz-lh-lg-1_9 brz-tp-lg-empty brz-css-wgmEt\" data-generated-css=\"brz-css-fahui\" data-uniq-id=\"rlgca\"><span>ATENTAMENTE<\/span><\/p>\n<p class=\"brz-text-lg-center brz-ff-blinker brz-ft-google brz-fs-lg-16 brz-fss-lg-px brz-fw-lg-600 brz-ls-lg-0 brz-lh-lg-1_9 brz-tp-lg-empty brz-css-t_6qw\" data-generated-css=\"brz-css-pmytt\" data-uniq-id=\"afjlv\"><span>LIDIA MORQUECHO<\/span><\/p>\n<p class=\"brz-text-lg-center brz-ff-blinker brz-ft-google brz-fs-lg-16 brz-fss-lg-px brz-fw-lg-600 brz-ls-lg-0 brz-lh-lg-1_9 brz-tp-lg-empty brz-css-l6eqT\" data-generated-css=\"brz-css-mfxnx\" data-uniq-id=\"vlgtk\"><span>Secretaria T\u00e9cnica del Comit\u00e9 de Cumplimiento<\/span><\/p>\n<p class=\"brz-text-lg-center brz-ff-blinker brz-ft-google brz-fs-lg-16 brz-fss-lg-px brz-fw-lg-600 brz-ls-lg-0 brz-lh-lg-1_9 brz-tp-lg-empty brz-css-fnTs5\" data-generated-css=\"brz-css-zkwdn\" data-uniq-id=\"hdkbk\"><span>Regulatorio, Responsabilidad Social y Sostenibilidad<\/span><\/p>\n<p class=\"brz-text-lg-center brz-ff-blinker brz-ft-google brz-fs-lg-16 brz-fss-lg-px brz-fw-lg-600 brz-ls-lg-0 brz-lh-lg-1_9 brz-tp-lg-empty brz-css-y3NyI\" data-generated-css=\"brz-css-ntisx\" data-uniq-id=\"wyryz\"><span>de GEA Biodegradables, S. DE R.L de C.V.<\/span><\/p>\n<\/div>\n<\/div>\n<\/div>\n<div class=\"brz-wrapper-clone brz-css-a7GxR\">\n<div class=\"brz-d-xs-flex brz-flex-xs-wrap brz-css-tIiFM\" data-brz-custom-id=\"\">\n<div class=\"brz-wrapper-clone__item\" id=\"coqomybkocufzxmgwkvoppcacssrdxjrttcp\"><a class=\"brz-a brz-btn brz-css-pqngS brz-css-doXU1\" href=\"https:\/\/gea-abp.mx\/wp-content\/uploads\/2022\/03\/Informacio\u0301n-RS-GEA-Biodegradables-2022.pdf\" target=\"_blank\" rel=\"noopener\" data-brz-link-type=\"upload\" data-brz-custom-id=\"coqomybkocufzxmgwkvoppcacssrdxjrttcp\"><span data-brz-translate-text=\"1\" class=\"brz-span brz-text__editor\">DA CLICK AQU\u00cd PARA DESCARGAR EL PDF<\/span><\/a><\/div>\n<\/div>\n<\/div>\n<\/div>\n<\/div>\n<\/section>\n<\/div>\n<p>    <!-- version:1723053635 --><\/p>\n","protected":false},"excerpt":{"rendered":"<p>A TODOS NUESTROS GRUPOS DE INTER\u00c9S, SOCIOS COMERCIALES, COLABORADORES, VENDEDORES EXTERNOS, DISTRIBUIDORES, PROVEEDORES Y SOCIEDAD EN GENERAL: En GEA BIODEGRADABLES, S. DE R.L. DE C.V., nos hemos desempe\u00f1ado como una empresa institucional, especializada en brindar productos, servicios y asesor\u00eda buscando la innovaci\u00f3n y el valor agregado a nuestros clientes en ecolog\u00eda, sustentabilidad y bienestar humano, [&hellip;]<\/p>\n","protected":false},"author":2,"featured_media":0,"parent":0,"menu_order":0,"comment_status":"closed","ping_status":"closed","template":"brizy-blank-template.php","meta":{"_joinchat":[],"footnotes":""},"class_list":["post-6739","page","type-page","status-publish","hentry"],"brizy_media":[{"id":6744,"url":"https:\/\/gea-abp.mx\/wp-content\/uploads\/2022\/03\/unnamed.png","name":"unnamed.png","meta":{"brizy_attachment_uid":"wp-e638d0a73de427f98d4efde611456481.png","brizy_post_uid":["c0d0d578f285dfdf14def3eabf813f37"]}}],"_links":{"self":[{"href":"https:\/\/gea-abp.mx\/index.php\/wp-json\/wp\/v2\/pages\/6739","targetHints":{"allow":["GET"]}}],"collection":[{"href":"https:\/\/gea-abp.mx\/index.php\/wp-json\/wp\/v2\/pages"}],"about":[{"href":"https:\/\/gea-abp.mx\/index.php\/wp-json\/wp\/v2\/types\/page"}],"author":[{"embeddable":true,"href":"https:\/\/gea-abp.mx\/index.php\/wp-json\/wp\/v2\/users\/2"}],"replies":[{"embeddable":true,"href":"https:\/\/gea-abp.mx\/index.php\/wp-json\/wp\/v2\/comments?post=6739"}],"version-history":[{"count":0,"href":"https:\/\/gea-abp.mx\/index.php\/wp-json\/wp\/v2\/pages\/6739\/revisions"}],"wp:attachment":[{"href":"https:\/\/gea-abp.mx\/index.php\/wp-json\/wp\/v2\/media?parent=6739"}],"curies":[{"name":"wp","href":"https:\/\/api.w.org\/{rel}","templated":true}]}}