{"id":3042,"date":"2020-02-10T18:29:01","date_gmt":"2020-02-10T18:29:01","guid":{"rendered":"http:\/\/gea-abp.mx\/wordpress_new\/?page_id=3042"},"modified":"2026-02-17T14:28:46","modified_gmt":"2026-02-17T14:28:46","slug":"nanomaster","status":"publish","type":"page","link":"https:\/\/gea-abp.mx\/index.php\/nanomaster\/","title":{"rendered":"Nanomaster"},"content":{"rendered":"<div class=\"brz-root__container brz-reset-all brz brz-root__container-page\">\n<section id=\"ae26e4b80859bf887003_uavenfimrnytyncdvffvkzyxlqqcyjmrvkkf\" class=\"brz-section brz-css-1me22h1 brz-css-13xh83o\">\n<div class=\"brz-section__content brz-section--boxed brz-css-1i37h5l brz-css-dnl7jk\" data-brz-custom-id=\"kuhlicfmahtjyraerpmrqjxohlfpvpajykps\">\n<div class=\"brz-bg\">\n<div class=\"brz-bg-image\"><\/div>\n<div class=\"brz-bg-color\"><\/div>\n<\/div>\n<div class=\"brz-container brz-css-1dvz1q7 brz-css-xen1j8\">\n<div id=\"\" data-brz-iteration-count=\"1\" class=\"brz-css-xbtxdp brz-css-b1gvrn brz-wrapper brz-animated brz-css-kop854 brz-css-d6m0kr\" data-animationid=\"upmjewofzzshzfbliipnvnlxafagvetitmsm\">\n<div class=\"brz-image brz-css-y0i68o brz-css-sp4v61\" data-brz-custom-id=\"jmqwfymytofymktffhncdjyuerjpezscqkyj\"><img decoding=\"async\" class=\"brz-img\" src=\"https:\/\/gea-abp.mx\/wp-content\/uploads\/brizy\/imgs\/GEA-logo-blanco-01-129x122x0x6x129x110x1579817206.png\" alt=\"\" title=\"GEA logo blanco-01\" loading=\"lazy\"><\/div>\n<\/div>\n<div id=\"\" class=\"brz-css-xbtxdp brz-css-1f785jd brz-wrapper\">\n<div class=\"brz-rich-text brz-rich-text__custom brz-css-1qmftbl brz-css-rc8s2u\" data-brz-custom-id=\"jjsjbndeokqnvjbkkzwwaqjiphsopsbstgbq\">\n<div data-brz-translate-text=\"1\">\n<h2 class=\"brz-text-lg-center brz-lh-lg-1_3 brz-lh-sm-im-1_2 brz-lh-xs-im-1_3 brz-ls-lg-m_1_5 brz-ls-sm-im-m_1 brz-ls-xs-im-m_1 brz-ff-overpass brz-ft-google brz-fw-lg-700 brz-fw-sm-im-700 brz-fw-xs-im-700 brz-fs-lg-57 brz-fs-sm-im-51 brz-fs-xs-im-49 brz-css-jAM1C\"><span>Nanomaster\u00ae <\/span><\/h2>\n<\/div>\n<\/div>\n<\/div>\n<div id=\"\" class=\"brz-css-xbtxdp brz-css-1sszjrm brz-css-keqcnt brz-wrapper\">\n<div class=\"brz-spacer brz-css-1to1mvu brz-css-3x6umb\"><\/div>\n<\/div>\n<\/div>\n<\/div>\n<\/section>\n<section id=\"2e466380f3b8938da27e_hpgbnurkhogwzweifpqygzncfdzdopnwctjs\" class=\"brz-section brz-css-1me22h1 brz-css-be2ivo\">\n<div class=\"brz-slick-slider brz-slick-slider__section\" data-slides-to-show=\"1\" data-slides-to-scroll=\"1\" data-arrows=\"true\" data-dots=\"true\" data-dots-class=\"brz-slick-slider__dots brz-slick-slider__dots--circle\" data-fade=\"false\" data-vertical=\"false\" data-auto-play=\"true\" data-auto-play-speed=\"4000\" data-animation-speed=\"500\" data-swipe=\"true\" data-responsive=\"%5B%7B%22breakpoint%22%3A767%2C%22settings%22%3A%7B%22slidesToShow%22%3A1%2C%22slidesToScroll%22%3A1%7D%7D%5D\">\n<div>\n<div class=\"brz-section__content brz-section--boxed brz-css-1i37h5l brz-css-c285ni\" data-brz-custom-id=\"pbcnuwjgjlzydnoqtoigaeheqdtkkghszpaa\">\n<div class=\"brz-bg\">\n<div class=\"brz-bg-image\"><\/div>\n<\/div>\n<div class=\"brz-container brz-css-1dvz1q7 brz-css-1bqolty\">\n<div id=\"\" class=\"brz-css-xbtxdp brz-css-cxzns2 brz-wrapper\">\n<div class=\"brz-image brz-css-1gmdp79 brz-css-atck1k\" data-brz-custom-id=\"byyyhmrbxxpyivicpvxzlrubiwkhxjfdxaiw\"><img decoding=\"async\" class=\"brz-img\" src=\"https:\/\/gea-abp.mx\/wp-content\/uploads\/brizy\/imgs\/logo-nanomaster-mayo-2013-242x232x0x0x242x232x1579578254.png\" alt=\"\" title=\"logo nanomaster mayo 2013\" loading=\"lazy\"><\/div>\n<\/div>\n<div id=\"\" class=\"brz-css-xbtxdp brz-css-7cbwy6 brz-wrapper\">\n<div class=\"brz-line brz-line-default brz-css-1bvumr0 brz-css-12d96ax\" data-brz-custom-id=\"jviwzzlksfspugtuvlfspvacmcnovpmozfpv\">\n<hr class=\"brz-hr\"><\/div>\n<\/div>\n<div id=\"\" class=\"brz-css-xbtxdp brz-css-1ef23ba brz-wrapper\">\n<div class=\"brz-rich-text brz-rich-text__custom brz-css-1qmftbl brz-css-14khcaj\" data-brz-custom-id=\"btlumjhqxpubeiuekygpgvkalevinaprytkb\">\n<div data-brz-translate-text=\"1\">\n<p class=\"brz-fs-xs-im-20 brz-fs-sm-im-21 brz-fs-lg-21 brz-lh-xs-im-1_2 brz-lh-sm-im-1_2 brz-lh-lg-1_5 brz-fw-xs-im-400 brz-fw-sm-im-400 brz-fw-lg-400 brz-ft-google brz-ff-montserrat brz-ls-xs-im-0 brz-ls-sm-im-0 brz-ls-lg-0 brz-text-lg-center brz-css-dqWRp\"><strong><span>Nanomaster<\/span><\/strong><span><span> es un producto que <\/span><\/span><strong><span>mejora las propiedades del pl\u00e1stico<\/span><\/strong><span><span> sin afectar las <\/span><\/span><strong><span><span>caracter\u00edsticas<\/span><\/span><\/strong><span><span> de dise\u00f1o de la pieza y proceso, a\u00fan con <\/span><\/span><span><span>materiales reciclados. <\/span><\/span><\/p>\n<\/div>\n<\/div>\n<\/div>\n<div class=\"brz-row__container brz-css-1fufs4e brz-css-hwicrb\" data-brz-custom-id=\"tkyivxiidfcbnmuqdxswonmwjpoppgqywgvg\">\n<div class=\"brz-row brz-css-vchj5n brz-css-u2d2ly brz-css-iiutkn\">\n<div class=\"brz-columns brz-css-1hvpu9w brz-css-j2st3a\" data-brz-custom-id=\"cpdewzywvnvkmncjermakjxikmbiqvdiqakb\">\n<div class=\"brz-column__items brz-css-1o2wtkh brz-css-85j87d\">\n<div class=\"brz-wrapper-clone brz-flex-xs-wrap brz-css-1by6ji0 brz-css-hp9q6k\" data-brz-custom-id=\"hxovvcauomintvzyfvormpbuzieiekbstsqt\">\n<div class=\"brz-icon__container\" data-brz-custom-id=\"sqiceqlzhyhbpxiblmqinmcngtzwxibkuwyj\"><span class=\"brz-icon brz-span brz-css-138xx2d brz-css-149jgeo\"><\/span><\/div>\n<\/div>\n<div id=\"\" class=\"brz-css-xbtxdp brz-css-1d251tb brz-wrapper\">\n<div class=\"brz-rich-text brz-rich-text__custom brz-css-1qmftbl brz-css-omg8xi\" data-brz-custom-id=\"kprdpjwmrgwjxgkgkrnmnzybhvwfsflhlgdb\">\n<div data-brz-translate-text=\"1\">\n<p class=\"brz-lh-lg-1_9 brz-lh-sm-im-1_6 brz-lh-xs-im-1_6 brz-fs-lg-16 brz-fs-sm-im-15 brz-fs-xs-im-15 brz-ls-lg-0 brz-ls-sm-im-0 brz-ls-xs-im-0 brz-ff-montserrat brz-ft-google brz-fw-lg-400 brz-fw-sm-im-400 brz-fw-xs-im-400 brz-bcp-color7 brz-text-lg-center brz-css-aodJd\"><span><span>Incremento de resistencia mec\u00e1nica<\/span><\/span><\/p>\n<\/div>\n<\/div>\n<\/div>\n<div class=\"brz-wrapper-clone brz-flex-xs-wrap brz-css-1by6ji0 brz-css-1xs5kot\" data-brz-custom-id=\"gtzmgqwcqacledkwiutpaqmlkyfbunkkcchd\">\n<div class=\"brz-icon__container\" data-brz-custom-id=\"tulrbitaztdofxsrabaghlptjdtxrddpuaij\"><span class=\"brz-icon brz-span brz-css-138xx2d brz-css-8ij013\"><\/span><\/div>\n<\/div>\n<div id=\"\" class=\"brz-css-xbtxdp brz-css-1rlgomz brz-wrapper\">\n<div class=\"brz-rich-text brz-rich-text__custom brz-css-1qmftbl brz-css-10zm40r\" data-brz-custom-id=\"qzftfabtbcbwhomcynwqsavwngzcmfjkzecr\">\n<div data-brz-translate-text=\"1\">\n<p class=\"brz-text-lg-center brz-bcp-color7 brz-fw-xs-im-400 brz-fw-sm-im-400 brz-fw-lg-400 brz-ft-google brz-ff-montserrat brz-ls-xs-im-0 brz-ls-sm-im-0 brz-ls-lg-0 brz-fs-xs-im-15 brz-fs-sm-im-15 brz-fs-lg-16 brz-lh-xs-im-1_6 brz-lh-sm-im-1_6 brz-lh-lg-1_9 brz-css-nyFkI\"><span><span>Sinergia con retardantes de flama<\/span><\/span><\/p>\n<\/div>\n<\/div>\n<\/div>\n<\/div>\n<\/div>\n<div class=\"brz-columns brz-css-1hvpu9w brz-css-291qb8\" data-brz-custom-id=\"jrjlkmvjqeowgbnghwurqhwnjzhzcbsthdfu\">\n<div class=\"brz-column__items brz-css-1o2wtkh brz-css-1v8erbs\">\n<div class=\"brz-wrapper-clone brz-flex-xs-wrap brz-css-1by6ji0 brz-css-4extjf\" data-brz-custom-id=\"fjeaqjjctcuwklugskndaadmwlpfpmlhxdhb\">\n<div class=\"brz-icon__container\" data-brz-custom-id=\"uljovmrfmqkfpfpropxrrwkohpbpwpiomwee\"><span class=\"brz-icon brz-span brz-css-138xx2d brz-css-om1qz3\"><\/span><\/div>\n<\/div>\n<div id=\"\" class=\"brz-css-xbtxdp brz-css-19wj60w brz-wrapper\">\n<div class=\"brz-rich-text brz-rich-text__custom brz-css-1qmftbl brz-css-9qpyye\" data-brz-custom-id=\"dfeusckvovhtygvtlisultjjmjbusequwoda\">\n<div data-brz-translate-text=\"1\">\n<p class=\"brz-text-lg-center brz-bcp-color7 brz-fw-xs-im-400 brz-fw-sm-im-400 brz-fw-lg-400 brz-ft-google brz-ff-montserrat brz-ls-xs-im-0 brz-ls-sm-im-0 brz-ls-lg-0 brz-fs-xs-im-15 brz-fs-sm-im-15 brz-fs-lg-16 brz-lh-xs-im-1_6 brz-lh-sm-im-1_6 brz-lh-lg-1_9 brz-css-e3cik\">Incremento de deflexi\u00f3n sometido a cargas (HDT) <\/p>\n<\/div>\n<\/div>\n<\/div>\n<div class=\"brz-wrapper-clone brz-flex-xs-wrap brz-css-1by6ji0 brz-css-vfvjvt\" data-brz-custom-id=\"ihwkkjmnclpyayoiqyuwqwfitqurpngxevgd\">\n<div class=\"brz-icon__container\" data-brz-custom-id=\"dwkzoeflejicglgtnozgfkedykvqajeksvzj\"><span class=\"brz-icon brz-span brz-css-138xx2d brz-css-tio3s4\"><\/span><\/div>\n<\/div>\n<div id=\"\" class=\"brz-css-xbtxdp brz-css-2bu1q brz-wrapper\">\n<div class=\"brz-rich-text brz-rich-text__custom brz-css-1qmftbl brz-css-plskr3\" data-brz-custom-id=\"yjvcmvnlwkirnphejyagydmpjomttkwedgbn\">\n<div data-brz-translate-text=\"1\">\n<p class=\"brz-text-lg-center brz-bcp-color7 brz-fw-xs-im-400 brz-fw-sm-im-400 brz-fw-lg-400 brz-ft-google brz-ff-montserrat brz-ls-xs-im-0 brz-ls-sm-im-0 brz-ls-lg-0 brz-fs-xs-im-15 brz-fs-sm-im-15 brz-fs-lg-16 brz-lh-xs-im-1_6 brz-lh-sm-im-1_6 brz-lh-lg-1_9 brz-css-uTcnF\"><span><span>Aumento de tiempo de fallo (ESCR)<\/span><\/span><\/p>\n<\/div>\n<\/div>\n<\/div>\n<\/div>\n<\/div>\n<div class=\"brz-columns brz-css-1hvpu9w brz-css-s00eex\" data-brz-custom-id=\"wjitjiafjmocmvneplxuaszwpzsozoovznwy\">\n<div class=\"brz-column__items brz-css-1o2wtkh brz-css-12ytrdo\">\n<div class=\"brz-wrapper-clone brz-flex-xs-wrap brz-css-1by6ji0 brz-css-26x23a\" data-brz-custom-id=\"xwhgemwoqubbhxwyqrpolayennifeedpxmdk\">\n<div class=\"brz-icon__container\" data-brz-custom-id=\"frbsoajtzwdnlspmwgccmaabvjswdtonuvan\"><span class=\"brz-icon brz-span brz-css-138xx2d brz-css-jswvjk\"><\/span><\/div>\n<\/div>\n<div id=\"\" class=\"brz-css-xbtxdp brz-css-1qf574w brz-wrapper\">\n<div class=\"brz-rich-text brz-rich-text__custom brz-css-1qmftbl brz-css-1rvg7ja\" data-brz-custom-id=\"jqnsbdadrswboexikaptbrkcdizpqieqsqba\">\n<div data-brz-translate-text=\"1\">\n<p class=\"brz-text-lg-center brz-bcp-color7 brz-fw-xs-im-400 brz-fw-sm-im-400 brz-fw-lg-400 brz-ft-google brz-ff-montserrat brz-ls-xs-im-0 brz-ls-sm-im-0 brz-ls-lg-0 brz-fs-xs-im-15 brz-fs-sm-im-15 brz-fs-lg-16 brz-lh-xs-im-1_6 brz-lh-sm-im-1_6 brz-lh-lg-1_9 brz-css-qrA76\">Barrera a la humedad y ox\u00edgeno <\/p>\n<\/div>\n<\/div>\n<\/div>\n<div class=\"brz-wrapper-clone brz-flex-xs-wrap brz-css-1by6ji0 brz-css-1jmqxfa\" data-brz-custom-id=\"idiovdcjyhbqeatrqernlcbuzdsgaoatxwos\">\n<div class=\"brz-icon__container\" data-brz-custom-id=\"ujnqjmwqdtnefzvchpafjnntuzvgemmwyrzl\"><span class=\"brz-icon brz-span brz-css-138xx2d brz-css-lambn9\"><\/span><\/div>\n<\/div>\n<div id=\"\" class=\"brz-css-xbtxdp brz-css-d1973t brz-wrapper\">\n<div class=\"brz-rich-text brz-rich-text__custom brz-css-1qmftbl brz-css-1188ne9\" data-brz-custom-id=\"yjeeabsmfdktacydczwgrcucuxygubxrgozn\">\n<div data-brz-translate-text=\"1\">\n<p class=\"brz-text-lg-center brz-bcp-color7 brz-fw-xs-im-400 brz-fw-sm-im-400 brz-fw-lg-400 brz-ft-google brz-ff-montserrat brz-ls-xs-im-0 brz-ls-sm-im-0 brz-ls-lg-0 brz-fs-xs-im-15 brz-fs-sm-im-15 brz-fs-lg-16 brz-lh-xs-im-1_6 brz-lh-sm-im-1_6 brz-lh-lg-1_9 brz-css-umISv\"><span><span>Reforzamiento de propiedades de UV<\/span><\/span><\/p>\n<\/div>\n<\/div>\n<\/div>\n<\/div>\n<\/div>\n<div class=\"brz-columns brz-css-1hvpu9w brz-css-18630zr\" data-brz-custom-id=\"zrkwhvgorbqmlzeoeuouhkxjguldufaziqxp\">\n<div class=\"brz-column__items brz-css-1o2wtkh brz-css-1gtipwt\">\n<div class=\"brz-wrapper-clone brz-flex-xs-wrap brz-css-1by6ji0 brz-css-fzz670\" data-brz-custom-id=\"wfaupuctdenaxtxapuvlhjgrslttawqurlvg\">\n<div class=\"brz-icon__container\" data-brz-custom-id=\"eddcmndhpcvdzwgribbcehgonwxhguewifxq\"><span class=\"brz-icon brz-span brz-css-138xx2d brz-css-2c1nw3\"><\/span><\/div>\n<\/div>\n<div id=\"\" class=\"brz-css-xbtxdp brz-css-1e98acb brz-wrapper\">\n<div class=\"brz-rich-text brz-rich-text__custom brz-css-1qmftbl brz-css-1f2o1le\" data-brz-custom-id=\"mzbbpypsfrfcpldqqretekygswoccjocxgkv\">\n<div data-brz-translate-text=\"1\">\n<p class=\"brz-text-lg-center brz-bcp-color7 brz-fw-xs-im-400 brz-fw-sm-im-400 brz-fw-lg-400 brz-ft-google brz-ff-montserrat brz-ls-xs-im-0 brz-ls-sm-im-0 brz-ls-lg-0 brz-fs-xs-im-15 brz-fs-sm-im-15 brz-fs-lg-16 brz-lh-xs-im-1_6 brz-lh-sm-im-1_6 brz-lh-lg-1_9 brz-css-qkDcJ\">Reducci\u00f3n de tiempo de dilataci\u00f3n (CLET)<\/p>\n<\/div>\n<\/div>\n<\/div>\n<div class=\"brz-wrapper-clone brz-flex-xs-wrap brz-css-1by6ji0 brz-css-1s58h4c\" data-brz-custom-id=\"tytcdmmcxgxvojhkcoqcatiafwqqjjumqjgd\">\n<div class=\"brz-icon__container\" data-brz-custom-id=\"tgxvozzlfdxjlnpmdljwwkiletzfnddqpjdy\"><span class=\"brz-icon brz-span brz-css-138xx2d brz-css-1u4ikot\"><\/span><\/div>\n<\/div>\n<div id=\"\" class=\"brz-css-xbtxdp brz-css-18mjs57 brz-wrapper\">\n<div class=\"brz-rich-text brz-rich-text__custom brz-css-1qmftbl brz-css-ktxp2w\" data-brz-custom-id=\"pmkxbbqxluzuaglmxoaogvxeqsoqeppzsaij\">\n<div data-brz-translate-text=\"1\">\n<p class=\"brz-lh-lg-1_9 brz-lh-sm-im-1_6 brz-lh-xs-im-1_6 brz-fs-lg-16 brz-fs-sm-im-15 brz-fs-xs-im-15 brz-ls-lg-0 brz-ls-sm-im-0 brz-ls-xs-im-0 brz-ff-montserrat brz-ft-google brz-fw-lg-400 brz-fw-sm-im-400 brz-fw-xs-im-400 brz-bcp-color7 brz-text-lg-center brz-css-eSRza\"><span><span>Reforzamiento de propiedades VCI (\u00edndice de vol\u00famen de corrosi\u00f3n)<\/span><\/span><\/p>\n<\/div>\n<\/div>\n<\/div>\n<\/div>\n<\/div>\n<\/div>\n<\/div>\n<\/div>\n<\/div>\n<\/div>\n<\/div>\n<\/section>\n<\/div>\n<p>    <!-- version:1750798765 --><\/p>\n","protected":false},"excerpt":{"rendered":"<p>Nanomaster\u00ae Nanomaster es un producto que mejora las propiedades del pl\u00e1stico sin afectar las caracter\u00edsticas de dise\u00f1o de la pieza y proceso, a\u00fan con materiales reciclados. Incremento de resistencia mec\u00e1nica Sinergia con retardantes de flama Incremento de deflexi\u00f3n sometido a cargas (HDT) Aumento de tiempo de fallo (ESCR) Barrera a la humedad y ox\u00edgeno Reforzamiento [&hellip;]<\/p>\n","protected":false},"author":2,"featured_media":0,"parent":0,"menu_order":0,"comment_status":"closed","ping_status":"closed","template":"brizy-blank-template.php","meta":{"_joinchat":[],"footnotes":""},"class_list":["post-3042","page","type-page","status-publish","hentry"],"brizy_media":[{"id":72,"url":"https:\/\/gea-abp.mx\/wp-content\/uploads\/brizy\/70\/assets\/images\/d03-Color-2-1.jpg","name":"d03-Color-2-1.jpg","meta":{"brizy_attachment_uid":"d03-Color-2-1.jpg","brizy_post_uid":["b6a6322d6e045e13bc44a717eb447f73"]}},{"id":252,"url":"https:\/\/gea-abp.mx\/wp-content\/uploads\/brizy\/7\/assets\/images\/d03-custom-background-green-white.jpg","name":"d03-custom-background-green-white.jpg","meta":{"brizy_attachment_uid":"d03-custom-background-green-white.jpg","brizy_post_uid":["b6a6322d6e045e13bc44a717eb447f73"]}},{"id":253,"url":"https:\/\/gea-abp.mx\/wp-content\/uploads\/brizy\/7\/assets\/images\/d03-funky-chair.jpg","name":"d03-funky-chair.jpg","meta":{"brizy_attachment_uid":"d03-funky-chair.jpg","brizy_post_uid":["b6a6322d6e045e13bc44a717eb447f73"]}},{"id":896,"url":"https:\/\/gea-abp.mx\/wp-content\/uploads\/2020\/01\/EcoOne-logo.png","name":"EcoOne-logo.png","meta":{"brizy_attachment_uid":"wp-7da4c1d8657869404f4db5c7d3e8aaae","brizy_post_uid":["b6a6322d6e045e13bc44a717eb447f73"]}},{"id":1072,"url":"https:\/\/gea-abp.mx\/wp-content\/uploads\/2020\/01\/polimax_logo_4.png","name":"polimax_logo_4.png","meta":{"brizy_attachment_uid":"wp-4c7183288b192033f2a51e205f279fc2","brizy_post_uid":["b6a6322d6e045e13bc44a717eb447f73"]}},{"id":1080,"url":"https:\/\/gea-abp.mx\/wp-content\/uploads\/2020\/01\/logo-nanomaster-mayo-2013.png","name":"logo-nanomaster-mayo-2013.png","meta":{"brizy_attachment_uid":"wp-05de09ff05daa8bcb4070a9be139519a","brizy_post_uid":["b6a6322d6e045e13bc44a717eb447f73"]}},{"id":1089,"url":"https:\/\/gea-abp.mx\/wp-content\/uploads\/2020\/01\/download-1.png","name":"download-1.png","meta":{"brizy_attachment_uid":"wp-627506fe6b82f9a275e5204e362f76e1","brizy_post_uid":["b6a6322d6e045e13bc44a717eb447f73"]}},{"id":1483,"url":"https:\/\/gea-abp.mx\/wp-content\/uploads\/2020\/01\/309842-P85DWG-830.jpg","name":"309842-P85DWG-830.jpg","meta":{"brizy_attachment_uid":"wp-5a68e328d83a3d4cb5fa13ae4a2a87d8","brizy_post_uid":["8c52a303eb45514961d31892e019cc36","b6a6322d6e045e13bc44a717eb447f73"]}},{"id":1529,"url":"https:\/\/gea-abp.mx\/wp-content\/uploads\/2020\/01\/pellets-1.png","name":"pellets-1.png","meta":{"brizy_attachment_uid":"wp-452f162fb554535182bdce1da028cfa3","brizy_post_uid":["6da8f5954fafd95bdf0e1bb26ea54e82","8c52a303eb45514961d31892e019cc36","b6a6322d6e045e13bc44a717eb447f73"]}},{"id":1550,"url":"https:\/\/gea-abp.mx\/wp-content\/uploads\/2020\/01\/colorful-plastic-polymer-granules-background_93675-7091.jpg","name":"colorful-plastic-polymer-granules-background_93675-7091.jpg","meta":{"brizy_attachment_uid":"wp-90e907ba48ac63f30a00f6c3b86c6133","brizy_post_uid":["6da8f5954fafd95bdf0e1bb26ea54e82","b6a6322d6e045e13bc44a717eb447f73"]}},{"id":2066,"url":"https:\/\/gea-abp.mx\/wp-content\/uploads\/2020\/01\/fondo-agua_Mesa-de-trabajo-1.png","name":"fondo-agua_Mesa-de-trabajo-1.png","meta":{"brizy_attachment_uid":"wp-c87561b288ebf1669bc82d079b716607","brizy_post_uid":["b6a6322d6e045e13bc44a717eb447f73"]}},{"id":2070,"url":"https:\/\/gea-abp.mx\/wp-content\/uploads\/2020\/01\/fondo-agua_Mesa-de-trabajo-1-1.png","name":"fondo-agua_Mesa-de-trabajo-1-1.png","meta":{"brizy_attachment_uid":"wp-a91ba2e527d50fd889d73959a9093dcb","brizy_post_uid":["b6a6322d6e045e13bc44a717eb447f73"]}},{"id":2074,"url":"https:\/\/gea-abp.mx\/wp-content\/uploads\/2020\/01\/botellas-fond_Mesa-de-trabajo-1.png","name":"botellas-fond_Mesa-de-trabajo-1.png","meta":{"brizy_attachment_uid":"wp-68c143d67876457c46bf9514f7c1afd3","brizy_post_uid":["b6a6322d6e045e13bc44a717eb447f73"]}},{"id":2079,"url":"https:\/\/gea-abp.mx\/wp-content\/uploads\/2020\/01\/botellas-fondo_Mesa-de-trabajo-1.png","name":"botellas-fondo_Mesa-de-trabajo-1.png","meta":{"brizy_attachment_uid":"wp-c142de4e3018294997efe154041d991f","brizy_post_uid":["b6a6322d6e045e13bc44a717eb447f73"]}},{"id":2084,"url":"https:\/\/gea-abp.mx\/wp-content\/uploads\/2020\/01\/agua-fondo_Mesa-de-trabajo-1.png","name":"agua-fondo_Mesa-de-trabajo-1.png","meta":{"brizy_attachment_uid":"wp-e48459a5f8cf90409e4cfbde9cdba4c6","brizy_post_uid":["b6a6322d6e045e13bc44a717eb447f73"]}},{"id":2087,"url":"https:\/\/gea-abp.mx\/wp-content\/uploads\/2020\/01\/fondo-aguaa_Mesa-de-trabajo-1.png","name":"fondo-aguaa_Mesa-de-trabajo-1.png","meta":{"brizy_attachment_uid":"wp-bbe63ab20f45413accf3594d69df1e78","brizy_post_uid":["b6a6322d6e045e13bc44a717eb447f73"]}},{"id":2091,"url":"https:\/\/gea-abp.mx\/wp-content\/uploads\/2020\/01\/fondo-aguaa_Mesa-de-trabajo-1-1.png","name":"fondo-aguaa_Mesa-de-trabajo-1-1.png","meta":{"brizy_attachment_uid":"wp-666f5e9a0b5c8896902e38c2be4a6347","brizy_post_uid":["b6a6322d6e045e13bc44a717eb447f73"]}},{"id":3140,"url":"https:\/\/gea-abp.mx\/wp-content\/uploads\/2020\/02\/Captura-de-pantalla-2020-02-27-a-las-12.29.56.png","name":"Captura-de-pantalla-2020-02-27-a-las-12.29.56.png","meta":{"brizy_attachment_uid":"wp-e9e3111149870fc7ffa7042a1d2cf57e","brizy_post_uid":["b6a6322d6e045e13bc44a717eb447f73"]}},{"id":3161,"url":"https:\/\/gea-abp.mx\/wp-content\/uploads\/2020\/02\/Logo_Instituto_Polite\u0301cnico_Nacional.png","name":"Logo_Instituto_Polite\u0301cnico_Nacional.png","meta":{"brizy_attachment_uid":"wp-70ffbb7303218564d125cb82eee269d9","brizy_post_uid":["b6a6322d6e045e13bc44a717eb447f73"]}},{"id":3207,"url":"https:\/\/gea-abp.mx\/wp-content\/uploads\/2020\/02\/GEA-fondo-tierra_Mesa-de-trabajo-1.png","name":"GEA-fondo-tierra_Mesa-de-trabajo-1.png","meta":{"brizy_attachment_uid":"wp-901456d4bb1e960997005c97979f9369","brizy_post_uid":["b6a6322d6e045e13bc44a717eb447f73"]}},{"id":3219,"url":"https:\/\/gea-abp.mx\/wp-content\/uploads\/2020\/02\/Sin-ti\u0301tulo-2.png","name":"Sin-ti\u0301tulo-2.png","meta":{"brizy_attachment_uid":"wp-02b9d963e1096ed6c1d092b7d4388f27","brizy_post_uid":["b6a6322d6e045e13bc44a717eb447f73"]}},{"id":3223,"url":"https:\/\/gea-abp.mx\/wp-content\/uploads\/2020\/02\/Sin-ti\u0301tulo-2_Mesa-de-trabajo-1.png","name":"Sin-ti\u0301tulo-2_Mesa-de-trabajo-1.png","meta":{"brizy_attachment_uid":"wp-81b2f4902255b245ebbd63ca96df1c0e","brizy_post_uid":["b6a6322d6e045e13bc44a717eb447f73"]}},{"id":3307,"url":"https:\/\/gea-abp.mx\/wp-content\/uploads\/2020\/02\/tierra_Mesa-de-trabajo-1.png","name":"tierra_Mesa-de-trabajo-1.png","meta":{"brizy_attachment_uid":"wp-d04068f382e717d7860fa7a90c578a54","brizy_post_uid":["b6a6322d6e045e13bc44a717eb447f73"]}},{"id":3326,"url":"https:\/\/gea-abp.mx\/wp-content\/uploads\/2020\/02\/GEA-fondo-inicio_Mesa-de-trabajo-1-1.png","name":"GEA-fondo-inicio_Mesa-de-trabajo-1-1.png","meta":{"brizy_attachment_uid":"wp-4e5e368296b88c56b09a77abf2a89602","brizy_post_uid":["6da8f5954fafd95bdf0e1bb26ea54e82","b6a6322d6e045e13bc44a717eb447f73"]}},{"id":3373,"url":"https:\/\/gea-abp.mx\/wp-content\/uploads\/2020\/03\/Botellas-plastico-ecologicas.jpg","name":"Botellas-plastico-ecologicas.jpg","meta":{"brizy_attachment_uid":"wp-9c342228a91ad2d815db20737976fc2b","brizy_post_uid":["b6a6322d6e045e13bc44a717eb447f73","6da8f5954fafd95bdf0e1bb26ea54e82"]}},{"id":3379,"url":"https:\/\/gea-abp.mx\/wp-content\/uploads\/2020\/03\/Fabricaci\u00f3n-de-botellas-de-plastico-ecologico.jpg","name":"Fabricaci\u00f3n-de-botellas-de-plastico-ecologico.jpg","meta":{"brizy_attachment_uid":"wp-e74da8ad0b3a9e3f49b60168825666d0","brizy_post_uid":["b6a6322d6e045e13bc44a717eb447f73"]}},{"id":5216,"url":"https:\/\/gea-abp.mx\/wp-content\/uploads\/2020\/09\/Captura-de-Pantalla-2020-09-23-a-las-20.56.13.png","name":"Captura-de-Pantalla-2020-09-23-a-las-20.56.13.png","meta":{"brizy_attachment_uid":"wp-977344261fe8bb5843a5a161a3b2249a.png","brizy_post_uid":["b6a6322d6e045e13bc44a717eb447f73"]}},{"id":5373,"url":"https:\/\/gea-abp.mx\/wp-content\/uploads\/2020\/09\/nanocron_Mesa-de-trabajo-1.png","name":"nanocron_Mesa-de-trabajo-1.png","meta":{"brizy_attachment_uid":"wp-184f0ea29ae7b0f94665f5b93442a4ef.png","brizy_post_uid":["b6a6322d6e045e13bc44a717eb447f73"]}},{"id":5379,"url":"https:\/\/gea-abp.mx\/wp-content\/uploads\/2020\/09\/nanocron_Mesa-de-trabajo-1-1.png","name":"nanocron_Mesa-de-trabajo-1-1.png","meta":{"brizy_attachment_uid":"wp-2d530267fb73b5bffe76b15f002e1b39.png","brizy_post_uid":["b6a6322d6e045e13bc44a717eb447f73"]}},{"id":5382,"url":"https:\/\/gea-abp.mx\/wp-content\/uploads\/2020\/09\/LOGO-NANOCRON-180518.png","name":"LOGO-NANOCRON-180518.png","meta":{"brizy_attachment_uid":"wp-41394a8e9c3c764286ffe3d563502ce3.png","brizy_post_uid":["b6a6322d6e045e13bc44a717eb447f73"]}},{"id":5659,"url":"https:\/\/gea-abp.mx\/wp-content\/uploads\/2020\/10\/Logo-Innecsus-Final-01.png","name":"Logo-Innecsus-Final-01.png","meta":{"brizy_attachment_uid":"wp-2a3938a2ff234c3285b31f94c452d6b0.png","brizy_post_uid":["b6a6322d6e045e13bc44a717eb447f73"]}}],"_links":{"self":[{"href":"https:\/\/gea-abp.mx\/index.php\/wp-json\/wp\/v2\/pages\/3042","targetHints":{"allow":["GET"]}}],"collection":[{"href":"https:\/\/gea-abp.mx\/index.php\/wp-json\/wp\/v2\/pages"}],"about":[{"href":"https:\/\/gea-abp.mx\/index.php\/wp-json\/wp\/v2\/types\/page"}],"author":[{"embeddable":true,"href":"https:\/\/gea-abp.mx\/index.php\/wp-json\/wp\/v2\/users\/2"}],"replies":[{"embeddable":true,"href":"https:\/\/gea-abp.mx\/index.php\/wp-json\/wp\/v2\/comments?post=3042"}],"version-history":[{"count":3,"href":"https:\/\/gea-abp.mx\/index.php\/wp-json\/wp\/v2\/pages\/3042\/revisions"}],"predecessor-version":[{"id":7275,"href":"https:\/\/gea-abp.mx\/index.php\/wp-json\/wp\/v2\/pages\/3042\/revisions\/7275"}],"wp:attachment":[{"href":"https:\/\/gea-abp.mx\/index.php\/wp-json\/wp\/v2\/media?parent=3042"}],"curies":[{"name":"wp","href":"https:\/\/api.w.org\/{rel}","templated":true}]}}